actor of 1251 and 127015281?
1251
What is the greatest common factor of 1550 and 169731975?
775
What is the highest common factor of 78885347 and 97?
97
Calculate the greatest common factor of 3992325 and 375.
75
Calculate the highest common factor of 15542000 and 125.
125
Calculate the greatest common divisor of 24482718 and 18538.
598
Calculate the highest common divisor of 12260563 and 7.
7
What is the greatest common factor of 28936 and 1576?
8
Calculate the highest common divisor of 3577 and 14161.
49
Calculate the highest common divisor of 1624384 and 442.
34
What is the highest common divisor of 249528771 and 34?
17
What is the greatest common divisor of 7289308 and 91?
13
What is the highest common factor of 7845759 and 81597?
1383
Calculate the highest common divisor of 20605968 and 432.
432
Calculate the greatest common factor of 196721 and 41528.
179
Calculate the highest common divisor of 119 and 44068097.
17
What is the highest common divisor of 478220245 and 1030?
515
What is the greatest common divisor of 102548625 and 2135?
305
Calculate the greatest common factor of 1862 and 1872780.
98
Calculate the highest common divisor of 1008318 and 132030.
978
What is the highest common divisor of 17701105 and 10?
5
Calculate the greatest common factor of 14 and 403979044.
14
Calculate the highest common divisor of 14476 and 113302.
14
Calculate the greatest common divisor of 3780945 and 7155.
135
Calculate the greatest common divisor of 84 and 101289363.
21
Calculate the greatest common divisor of 144981144 and 231.
231
What is the greatest common divisor of 40608512 and 25585?
5117
What is the greatest common divisor of 27231 and 56811?
87
Calculate the greatest common divisor of 2542974 and 567.
21
Calculate the highest common factor of 495300 and 2652.
156
Calculate the highest common divisor of 4797152 and 96.
32
Calculate the greatest common divisor of 19040448 and 21728.
224
What is the greatest common divisor of 1715 and 1860635?
35
Calculate the greatest common factor of 22017244 and 415.
83
What is the highest common factor of 30381 and 35711?
533
What is the highest common divisor of 11505 and 150981?
177
What is the greatest common factor of 281500 and 54480?
20
What is the greatest common divisor of 3949759 and 110?
11
Calculate the highest common factor of 3731 and 5846764.
287
What is the greatest common factor of 66139 and 2774?
19
What is the highest common divisor of 5657409 and 155751?
579
What is the highest common divisor of 3231088762 and 11?
11
What is the highest common divisor of 3474828 and 12348?
252
Calculate the highest common factor of 20039395 and 213.
71
Calculate the highest common divisor of 285 and 62893800.
285
Calculate the greatest common factor of 1376 and 46439312.
688
Calculate the highest common divisor of 973376 and 1710912.
4288
What is the highest common divisor of 15886 and 633074?
338
What is the greatest common factor of 136050320 and 2325?
155
Calculate the highest common divisor of 68819120 and 340.
20
What is the greatest common divisor of 70512 and 22776?
312
Calculate the highest common divisor of 9003330 and 189.
63
Calculate the highest common factor of 2625 and 417711.
21
What is the highest common factor of 4028208 and 168?
24
Calculate the highest common divisor of 1175451 and 303.
3
Calculate the greatest common factor of 155694 and 258.
6
What is the highest common factor of 3909577 and 783?
29
Calculate the highest common divisor of 8 and 2472616.
8
Calculate the greatest common factor of 161 and 6004012.
161
Calculate the highest common factor of 662 and 442271939.
331
Calculate the greatest common factor of 3141 and 20997.
9
Calculate the greatest common factor of 1846495 and 4795.
35
What is the highest common factor of 148 and 1370702?
74
What is the greatest common divisor of 12877667 and 8228?
121
Calculate the greatest common factor of 1386991493 and 113.
113
What is the greatest common factor of 1303217 and 8639?
53
Calculate the greatest common divisor of 6376791 and 9093.
1299
What is the greatest common divisor of 21837 and 4857819?
87
Calculate the highest common divisor of 32356280 and 108720.
6040
What is the highest common divisor of 28 and 334299?
7
What is the greatest common factor of 42935319 and 3735?
747
Calculate the greatest common divisor of 113347312 and 92.
92
What is the greatest common divisor of 58 and 1144151877?
29
Calculate the highest common factor of 4 and 177813450.
2
Calculate the greatest common factor of 638 and 321854093.
319
What is the greatest common factor of 801560 and 1856?
232
What is the highest common divisor of 2462481 and 33411?
903
What is the greatest common divisor of 333258 and 160826?
1658
What is the greatest common factor of 57 and 1898537?
19
Calculate the greatest common factor of 600 and 12746100.
300
What is the greatest common factor of 26818 and 15068218?
1166
Calculate the highest common factor of 338 and 79664.
26
What is the highest common factor of 182 and 1287664?
14
Calculate the highest common divisor of 4415823 and 615.
123
Calculate the highest common factor of 67332 and 246.
6
What is the greatest common divisor of 1860620 and 48980?
620
Calculate the greatest common divisor of 76286028 and 1092.
1092
What is the highest common divisor of 5900 and 117575?
25
Calculate the greatest common factor of 716 and 14403772.
716
Calculate the highest common divisor of 7797444 and 6.
6
Calculate the highest common divisor of 13540935 and 1880.
235
What is the highest common factor of 19996413 and 501?
501
What is the highest common factor of 16011303 and 55?
11
What is the highest common factor of 5346 and 10006416?
162
What is the greatest common factor of 1223409 and 1048?
131
What is the greatest common factor of 171952 and 152?
8
Calculate the highest common divisor of 1472 and 1674952.
184
What is the greatest common divisor of 133089518 and 707?
101
Calculate the highest common factor of 1026597247 and 8203.
8203
What is the greatest common divisor of 95370709 and 13083?
4361
Calculate the highest common divisor of 13544 and 255839388.
6772
Calculate the highest common factor of 1278928 and 91504.
2128
Calculate the greatest common factor of 90294 and 12218.
298
What is the greatest common divisor of 142614 and 120222?
18
Calculate the highest common divisor of 9 and 360852840.
9
Calculate the highest common divisor of 135 and 418585.
5
What is the greatest common divisor of 352 and 15781744?
176
Calculate the highest common divisor of 689 and 8917621.
53
Calculate the greatest common factor of 1480184 and 952.
8
What is the highest common factor of 48797 and 11501?
7
What is the greatest common divisor of 939826628 and 3224?
1612
Calculate the greatest common divisor of 72000000 and 1280.
1280
Calculate the greatest common factor of 23157 and 10047565.
2573
Calculate the highest common divisor of 280 and 271879650.
70
Calculate the highest common divisor of 275629 and 12624354.
2729
Calculate the highest common divisor of 1782 and 1329834.
66
What is the greatest common divisor of 42636 and 26005452?
2508
Calculate the highest common divisor of 2093 and 942627.
7
Calculate the highest common divisor of 1564964 and 10426184.
10364
Calculate the highest common divisor of 39247 and 770432.
13
Calculate the highest common factor of 238369072 and 64.
16
What is the highest common factor of 6056974 and 4662?
518
Calculate the highest common divisor of 48 and 31868208.
48
Calculate the greatest common factor of 283523 and 154587.
227
What is the highest common divisor of 2100 and 43055100?
300
Calculate the highest common divisor of 125 and 15048875.
125
Calculate the greatest common factor of 1729371 and 6531.
21
Calculate the highest common divisor of 37264980 and 435.
15
What is the highest common divisor of 1271 and 50969437?
41
What is the highest common divisor of 113377 and 141691?
121
What is the highest common divisor of 160505584 and 2064?
688
What is the greatest common factor of 53837224 and 72?
8
What is the greatest common divisor of 17622977 and 106?
53
Calculate the greatest common factor of 153264 and 525216.
48
Calculate the highest common factor of 540 and 11231100.
180
Calculate the highest c